{"id":88,"date":"2025-11-22T18:27:41","date_gmt":"2025-11-22T18:27:41","guid":{"rendered":"https:\/\/dianevernet.com\/?page_id=88"},"modified":"2026-03-30T18:00:35","modified_gmt":"2026-03-30T18:00:35","slug":"a-propos","status":"publish","type":"page","link":"https:\/\/dianevernet.com\/index.php\/a-propos\/","title":{"rendered":"\u00c0 Propos"},"content":{"rendered":"\t\t<div data-elementor-type=\"wp-page\" data-elementor-id=\"88\" class=\"elementor elementor-88\">\n\t\t\t\t<div class=\"elementor-element elementor-element-395c631 e-flex e-con-boxed e-con e-parent\" data-id=\"395c631\" data-element_type=\"container\" data-e-type=\"container\" data-settings=\"{&quot;background_background&quot;:&quot;classic&quot;}\">\n\t\t\t\t\t<div class=\"e-con-inner\">\n\t\t<div class=\"elementor-element elementor-element-3ea2baf e-con-full e-flex e-con e-child\" data-id=\"3ea2baf\" data-element_type=\"container\" data-e-type=\"container\" data-settings=\"{&quot;background_background&quot;:&quot;classic&quot;}\">\n\t\t\t\t<div class=\"elementor-element elementor-element-dd2df6a elementor-widget elementor-widget-image\" data-id=\"dd2df6a\" data-element_type=\"widget\" data-e-type=\"widget\" data-widget_type=\"image.default\">\n\t\t\t\t\t\t\t\t\t\t\t\t\t\t\t<img fetchpriority=\"high\" decoding=\"async\" width=\"680\" height=\"680\" src=\"https:\/\/dianevernet.com\/wp-content\/uploads\/2026\/03\/Profil_Insta.png\" class=\"attachment-full size-full wp-image-357\" alt=\"\" srcset=\"https:\/\/dianevernet.com\/wp-content\/uploads\/2026\/03\/Profil_Insta.png 680w, https:\/\/dianevernet.com\/wp-content\/uploads\/2026\/03\/elementor\/thumbs\/Profil_Insta-rkzlhq75dgaqxvlmgk09g7anjdm7f6xdxivyawr2rc.png 300w, https:\/\/dianevernet.com\/wp-content\/uploads\/2026\/03\/Profil_Insta-150x150.png 150w, https:\/\/dianevernet.com\/wp-content\/uploads\/2026\/03\/elementor\/thumbs\/Profil_Insta-rkzlhq781xmwhhju65wu3kr1tivsh1zyvgzbtzsyts.png 520w\" sizes=\"(max-width: 680px) 100vw, 680px\" \/>\t\t\t\t\t\t\t\t\t\t\t\t\t\t\t<\/div>\n\t\t\t\t<div class=\"elementor-element elementor-element-47b103d elementor-widget elementor-widget-heading\" data-id=\"47b103d\" data-element_type=\"widget\" data-e-type=\"widget\" data-widget_type=\"heading.default\">\n\t\t\t\t\t<h2 class=\"elementor-heading-title elementor-size-default\">Diane Vernet<\/h2>\t\t\t\t<\/div>\n\t\t\t\t<div class=\"elementor-element elementor-element-b81eb73 elementor-widget elementor-widget-text-editor\" data-id=\"b81eb73\" data-element_type=\"widget\" data-e-type=\"widget\" data-widget_type=\"text-editor.default\">\n\t\t\t\t\t\t\t\t\t<p>Autrice de Fantasy et Urban Fantasy<\/p><p>Je jongle entre l\u2019\u00e9criture, les jeux vid\u00e9o, les arts cr\u00e9atifs et mon tr\u00e9sor de deux ans.<\/p>\t\t\t\t\t\t\t\t<\/div>\n\t\t\t\t<\/div>\n\t\t<div class=\"elementor-element elementor-element-197f523 e-con-full e-flex e-con e-child\" data-id=\"197f523\" data-element_type=\"container\" data-e-type=\"container\">\n\t\t\t\t<div class=\"elementor-element elementor-element-a62747e elementor-widget elementor-widget-heading\" data-id=\"a62747e\" data-element_type=\"widget\" data-e-type=\"widget\" data-widget_type=\"heading.default\">\n\t\t\t\t\t<h2 class=\"elementor-heading-title elementor-size-default\">Qui est l'Autrice ?<\/h2>\t\t\t\t<\/div>\n\t\t\t\t<div class=\"elementor-element elementor-element-bbd7777 elementor-widget elementor-widget-text-editor\" data-id=\"bbd7777\" data-element_type=\"widget\" data-e-type=\"widget\" data-widget_type=\"text-editor.default\">\n\t\t\t\t\t\t\t\t\t<p>Fran\u00e7aise et depuis peu canadienne, je suis une autrice qui aime la Fantasy et l\u2019Urban Fantasy. Apr\u00e8s plusieurs formations artistiques, dont la derni\u00e8re en tant qu\u2019artiste 3D dans le jeu vid\u00e9o, je me suis pench\u00e9e vers l\u2019\u00e9criture et m\u2019y consacre maintenant \u00e0 temps plein.<\/p><p>Apr\u00e8s un r\u00eave original, j&rsquo;ai tent\u00e9 la cr\u00e9ation d\u2019un roman. C\u2019est ainsi qu\u2019est n\u00e9 mon premier livre : Le Pacte. Bien que la volont\u00e9 d\u2019\u00e9crire une histoire a toujours \u00e9t\u00e9 pr\u00e9sente en moi, c\u2019est gr\u00e2ce \u00e0 ma grande amie que j&rsquo;ai r\u00e9ussi \u00e0 finir Le Pacte sans perdre espoir.<\/p><p>Dans mes romans, j&rsquo;explore les l\u00e9gendes et objets magiques que tout le monde conna\u00eet afin de les r\u00e9inventer. Vous y trouverez les cr\u00e9atures typiques telles que : sorciers, vampire, loups-garous\u2026 sans toutefois les reconna\u00eetre.<\/p><p>Riche d\u2019aventure, d\u2019action et d\u2019intrigues, plongez dans une ambiance quelque peu d\u00e9routante, sombre et \u00e9trange.<\/p>\t\t\t\t\t\t\t\t<\/div>\n\t\t\t\t<\/div>\n\t\t\t\t\t<\/div>\n\t\t\t\t<\/div>\n\t\t<div class=\"elementor-element elementor-element-ce7a643 e-con-full e-flex e-con e-parent\" data-id=\"ce7a643\" data-element_type=\"container\" data-e-type=\"container\" data-settings=\"{&quot;background_background&quot;:&quot;classic&quot;}\">\n\t\t<div class=\"elementor-element elementor-element-4a4ab19 e-con-full e-flex e-con e-child\" data-id=\"4a4ab19\" data-element_type=\"container\" data-e-type=\"container\">\n\t\t\t\t<div class=\"elementor-element elementor-element-8329e59 elementor-widget elementor-widget-image\" data-id=\"8329e59\" data-element_type=\"widget\" data-e-type=\"widget\" data-widget_type=\"image.default\">\n\t\t\t\t\t\t\t\t\t\t\t\t\t\t\t<img decoding=\"async\" width=\"300\" height=\"265\" src=\"https:\/\/dianevernet.com\/wp-content\/uploads\/2026\/01\/LogoCercleDencre2-300x265.png\" class=\"attachment-medium size-medium wp-image-243\" alt=\"\" srcset=\"https:\/\/dianevernet.com\/wp-content\/uploads\/2026\/01\/LogoCercleDencre2-300x265.png 300w, https:\/\/dianevernet.com\/wp-content\/uploads\/2026\/01\/LogoCercleDencre2-1024x903.png 1024w, https:\/\/dianevernet.com\/wp-content\/uploads\/2026\/01\/LogoCercleDencre2-768x677.png 768w, https:\/\/dianevernet.com\/wp-content\/uploads\/2026\/01\/LogoCercleDencre2.png 1150w\" sizes=\"(max-width: 300px) 100vw, 300px\" \/>\t\t\t\t\t\t\t\t\t\t\t\t\t\t\t<\/div>\n\t\t\t\t<\/div>\n\t\t<div class=\"elementor-element elementor-element-62c5267 e-con-full e-flex e-con e-child\" data-id=\"62c5267\" data-element_type=\"container\" data-e-type=\"container\">\n\t\t\t\t<div class=\"elementor-element elementor-element-0eec823 elementor-widget elementor-widget-shortcode\" data-id=\"0eec823\" data-element_type=\"widget\" data-e-type=\"widget\" data-widget_type=\"shortcode.default\">\n\t\t\t\t\t\t\t<div class=\"elementor-shortcode\">                <div class=\"ml-embedded\" data-form=\"dPMrGL\"><\/div>\n            <\/div>\n\t\t\t\t\t\t<\/div>\n\t\t\t\t<\/div>\n\t\t\t\t<\/div>\n\t\t<div class=\"elementor-element elementor-element-6f2704f6 e-con-full e-flex e-con e-parent\" data-id=\"6f2704f6\" data-element_type=\"container\" data-e-type=\"container\" data-settings=\"{&quot;background_background&quot;:&quot;classic&quot;}\">\n\t\t\t\t<div class=\"elementor-element elementor-element-f6ef4c e-transform elementor-widget elementor-widget-heading\" data-id=\"f6ef4c\" data-element_type=\"widget\" data-e-type=\"widget\" data-settings=\"{&quot;_transform_translateX_effect&quot;:{&quot;unit&quot;:&quot;px&quot;,&quot;size&quot;:0,&quot;sizes&quot;:[]},&quot;_transform_translateY_effect&quot;:{&quot;unit&quot;:&quot;px&quot;,&quot;size&quot;:37,&quot;sizes&quot;:[]},&quot;_transform_translateX_effect_tablet&quot;:{&quot;unit&quot;:&quot;px&quot;,&quot;size&quot;:&quot;&quot;,&quot;sizes&quot;:[]},&quot;_transform_translateX_effect_mobile&quot;:{&quot;unit&quot;:&quot;px&quot;,&quot;size&quot;:&quot;&quot;,&quot;sizes&quot;:[]},&quot;_transform_translateY_effect_tablet&quot;:{&quot;unit&quot;:&quot;px&quot;,&quot;size&quot;:&quot;&quot;,&quot;sizes&quot;:[]},&quot;_transform_translateY_effect_mobile&quot;:{&quot;unit&quot;:&quot;px&quot;,&quot;size&quot;:&quot;&quot;,&quot;sizes&quot;:[]}}\" data-widget_type=\"heading.default\">\n\t\t\t\t\t<h2 class=\"elementor-heading-title elementor-size-default\">Retrouvez-moi sur :<\/h2>\t\t\t\t<\/div>\n\t\t\t\t<div class=\"elementor-element elementor-element-4d43e518 elementor-shape-circle elementor-grid-0 e-grid-align-center elementor-widget elementor-widget-social-icons\" data-id=\"4d43e518\" data-element_type=\"widget\" data-e-type=\"widget\" data-widget_type=\"social-icons.default\">\n\t\t\t\t\t\t\t<div class=\"elementor-social-icons-wrapper elementor-grid\" role=\"list\">\n\t\t\t\t\t\t\t<span class=\"elementor-grid-item\" role=\"listitem\">\n\t\t\t\t\t<a class=\"elementor-icon elementor-social-icon elementor-social-icon-facebook elementor-repeater-item-ac07908\" href=\"https:\/\/www.facebook.com\/profile.php?id=61583959384987\" target=\"_blank\">\n\t\t\t\t\t\t<span class=\"elementor-screen-only\">Facebook<\/span>\n\t\t\t\t\t\t<svg aria-hidden=\"true\" class=\"e-font-icon-svg e-fab-facebook\" viewBox=\"0 0 512 512\" xmlns=\"http:\/\/www.w3.org\/2000\/svg\"><path d=\"M504 256C504 119 393 8 256 8S8 119 8 256c0 123.78 90.69 226.38 209.25 245V327.69h-63V256h63v-54.64c0-62.15 37-96.48 93.67-96.48 27.14 0 55.52 4.84 55.52 4.84v61h-31.28c-30.8 0-40.41 19.12-40.41 38.73V256h68.78l-11 71.69h-57.78V501C413.31 482.38 504 379.78 504 256z\"><\/path><\/svg>\t\t\t\t\t<\/a>\n\t\t\t\t<\/span>\n\t\t\t\t\t\t\t<span class=\"elementor-grid-item\" role=\"listitem\">\n\t\t\t\t\t<a class=\"elementor-icon elementor-social-icon elementor-social-icon-instagram elementor-repeater-item-1eaf7c0\" href=\"https:\/\/www.instagram.com\/dianevernet_autrice?igsh=MXJkMjhmMjI1ZmIwcQ==\" target=\"_blank\">\n\t\t\t\t\t\t<span class=\"elementor-screen-only\">Instagram<\/span>\n\t\t\t\t\t\t<svg aria-hidden=\"true\" class=\"e-font-icon-svg e-fab-instagram\" viewBox=\"0 0 448 512\" xmlns=\"http:\/\/www.w3.org\/2000\/svg\"><path d=\"M224.1 141c-63.6 0-114.9 51.3-114.9 114.9s51.3 114.9 114.9 114.9S339 319.5 339 255.9 287.7 141 224.1 141zm0 189.6c-41.1 0-74.7-33.5-74.7-74.7s33.5-74.7 74.7-74.7 74.7 33.5 74.7 74.7-33.6 74.7-74.7 74.7zm146.4-194.3c0 14.9-12 26.8-26.8 26.8-14.9 0-26.8-12-26.8-26.8s12-26.8 26.8-26.8 26.8 12 26.8 26.8zm76.1 27.2c-1.7-35.9-9.9-67.7-36.2-93.9-26.2-26.2-58-34.4-93.9-36.2-37-2.1-147.9-2.1-184.9 0-35.8 1.7-67.6 9.9-93.9 36.1s-34.4 58-36.2 93.9c-2.1 37-2.1 147.9 0 184.9 1.7 35.9 9.9 67.7 36.2 93.9s58 34.4 93.9 36.2c37 2.1 147.9 2.1 184.9 0 35.9-1.7 67.7-9.9 93.9-36.2 26.2-26.2 34.4-58 36.2-93.9 2.1-37 2.1-147.8 0-184.8zM398.8 388c-7.8 19.6-22.9 34.7-42.6 42.6-29.5 11.7-99.5 9-132.1 9s-102.7 2.6-132.1-9c-19.6-7.8-34.7-22.9-42.6-42.6-11.7-29.5-9-99.5-9-132.1s-2.6-102.7 9-132.1c7.8-19.6 22.9-34.7 42.6-42.6 29.5-11.7 99.5-9 132.1-9s102.7-2.6 132.1 9c19.6 7.8 34.7 22.9 42.6 42.6 11.7 29.5 9 99.5 9 132.1s2.7 102.7-9 132.1z\"><\/path><\/svg>\t\t\t\t\t<\/a>\n\t\t\t\t<\/span>\n\t\t\t\t\t\t\t<span class=\"elementor-grid-item\" role=\"listitem\">\n\t\t\t\t\t<a class=\"elementor-icon elementor-social-icon elementor-social-icon-envelope elementor-repeater-item-f701354\" href=\"https:\/\/dianevernet.com\/index.php\/contact\/\" target=\"_blank\">\n\t\t\t\t\t\t<span class=\"elementor-screen-only\">Envelope<\/span>\n\t\t\t\t\t\t<svg aria-hidden=\"true\" class=\"e-font-icon-svg e-far-envelope\" viewBox=\"0 0 512 512\" xmlns=\"http:\/\/www.w3.org\/2000\/svg\"><path d=\"M464 64H48C21.49 64 0 85.49 0 112v288c0 26.51 21.49 48 48 48h416c26.51 0 48-21.49 48-48V112c0-26.51-21.49-48-48-48zm0 48v40.805c-22.422 18.259-58.168 46.651-134.587 106.49-16.841 13.247-50.201 45.072-73.413 44.701-23.208.375-56.579-31.459-73.413-44.701C106.18 199.465 70.425 171.067 48 152.805V112h416zM48 400V214.398c22.914 18.251 55.409 43.862 104.938 82.646 21.857 17.205 60.134 55.186 103.062 54.955 42.717.231 80.509-37.199 103.053-54.947 49.528-38.783 82.032-64.401 104.947-82.653V400H48z\"><\/path><\/svg>\t\t\t\t\t<\/a>\n\t\t\t\t<\/span>\n\t\t\t\t\t<\/div>\n\t\t\t\t\t\t<\/div>\n\t\t\t\t<\/div>\n\t\t\t\t<\/div>\n\t\t","protected":false},"excerpt":{"rendered":"<p>Diane Vernet Autrice de Fantasy et Urban Fantasy Je jongle entre l\u2019\u00e9criture, les jeux vid\u00e9o, les arts cr\u00e9atifs et mon [&hellip;]<\/p>\n","protected":false},"author":1,"featured_media":0,"parent":0,"menu_order":0,"comment_status":"closed","ping_status":"closed","template":"","meta":{"site-sidebar-layout":"no-sidebar","site-content-layout":"","ast-site-content-layout":"full-width-container","site-content-style":"default","site-sidebar-style":"default","ast-global-header-display":"","ast-banner-title-visibility":"","ast-main-header-display":"","ast-hfb-above-header-display":"","ast-hfb-below-header-display":"","ast-hfb-mobile-header-display":"","site-post-title":"disabled","ast-breadcrumbs-content":"","ast-featured-img":"disabled","footer-sml-layout":"","theme-transparent-header-meta":"","adv-header-id-meta":"","stick-header-meta":"","header-above-stick-meta":"","header-main-stick-meta":"","header-below-stick-meta":"","astra-migrate-meta-layouts":"default","ast-page-background-enabled":"default","ast-page-background-meta":{"desktop":{"background-color":"var(--ast-global-color-5)","background-image":"","background-repeat":"repeat","background-position":"center center","background-size":"auto","background-attachment":"scroll","background-type":"","background-media":"","overlay-type":"","overlay-color":"","overlay-opacity":"","overlay-gradient":""},"tablet":{"background-color":"","background-image":"","background-repeat":"repeat","background-position":"center center","background-size":"auto","background-attachment":"scroll","background-type":"","background-media":"","overlay-type":"","overlay-color":"","overlay-opacity":"","overlay-gradient":""},"mobile":{"background-color":"","background-image":"","background-repeat":"repeat","background-position":"center center","background-size":"auto","background-attachment":"scroll","background-type":"","background-media":"","overlay-type":"","overlay-color":"","overlay-opacity":"","overlay-gradient":""}},"ast-content-background-meta":{"desktop":{"background-color":"var(--ast-global-color-4)","background-image":"","background-repeat":"repeat","background-position":"center center","background-size":"auto","background-attachment":"scroll","background-type":"","background-media":"","overlay-type":"","overlay-color":"","overlay-opacity":"","overlay-gradient":""},"tablet":{"background-color":"var(--ast-global-color-4)","background-image":"","background-repeat":"repeat","background-position":"center center","background-size":"auto","background-attachment":"scroll","background-type":"","background-media":"","overlay-type":"","overlay-color":"","overlay-opacity":"","overlay-gradient":""},"mobile":{"background-color":"var(--ast-global-color-4)","background-image":"","background-repeat":"repeat","background-position":"center center","background-size":"auto","background-attachment":"scroll","background-type":"","background-media":"","overlay-type":"","overlay-color":"","overlay-opacity":"","overlay-gradient":""}},"footnotes":""},"class_list":["post-88","page","type-page","status-publish","hentry"],"yoast_head":"<!-- This site is optimized with the Yoast SEO plugin v27.4 - https:\/\/yoast.com\/product\/yoast-seo-wordpress\/ -->\n<title>\u00c0 Propos - Diane Vernet<\/title>\n<meta name=\"robots\" content=\"index, follow, max-snippet:-1, max-image-preview:large, max-video-preview:-1\" \/>\n<link rel=\"canonical\" href=\"https:\/\/dianevernet.com\/index.php\/a-propos\/\" \/>\n<meta property=\"og:locale\" content=\"fr_CA\" \/>\n<meta property=\"og:type\" content=\"article\" \/>\n<meta property=\"og:title\" content=\"\u00c0 Propos - Diane Vernet\" \/>\n<meta property=\"og:description\" content=\"Diane Vernet Autrice de Fantasy et Urban Fantasy Je jongle entre l\u2019\u00e9criture, les jeux vid\u00e9o, les arts cr\u00e9atifs et mon [&hellip;]\" \/>\n<meta property=\"og:url\" content=\"https:\/\/dianevernet.com\/index.php\/a-propos\/\" \/>\n<meta property=\"og:site_name\" content=\"Diane Vernet\" \/>\n<meta property=\"article:modified_time\" content=\"2026-03-30T18:00:35+00:00\" \/>\n<meta property=\"og:image\" content=\"https:\/\/dianevernet.com\/wp-content\/uploads\/2026\/03\/Profil_Insta.png\" \/>\n\t<meta property=\"og:image:width\" content=\"680\" \/>\n\t<meta property=\"og:image:height\" content=\"680\" \/>\n\t<meta property=\"og:image:type\" content=\"image\/png\" \/>\n<meta name=\"twitter:card\" content=\"summary_large_image\" \/>\n<meta name=\"twitter:label1\" content=\"Estimation du temps de lecture\" \/>\n\t<meta name=\"twitter:data1\" content=\"1 minute\" \/>\n<script type=\"application\/ld+json\" class=\"yoast-schema-graph\">{\"@context\":\"https:\\\/\\\/schema.org\",\"@graph\":[{\"@type\":\"WebPage\",\"@id\":\"https:\\\/\\\/dianevernet.com\\\/index.php\\\/a-propos\\\/\",\"url\":\"https:\\\/\\\/dianevernet.com\\\/index.php\\\/a-propos\\\/\",\"name\":\"\u00c0 Propos - Diane Vernet\",\"isPartOf\":{\"@id\":\"https:\\\/\\\/dianevernet.com\\\/#website\"},\"primaryImageOfPage\":{\"@id\":\"https:\\\/\\\/dianevernet.com\\\/index.php\\\/a-propos\\\/#primaryimage\"},\"image\":{\"@id\":\"https:\\\/\\\/dianevernet.com\\\/index.php\\\/a-propos\\\/#primaryimage\"},\"thumbnailUrl\":\"https:\\\/\\\/dianevernet.com\\\/wp-content\\\/uploads\\\/2026\\\/03\\\/Profil_Insta.png\",\"datePublished\":\"2025-11-22T18:27:41+00:00\",\"dateModified\":\"2026-03-30T18:00:35+00:00\",\"breadcrumb\":{\"@id\":\"https:\\\/\\\/dianevernet.com\\\/index.php\\\/a-propos\\\/#breadcrumb\"},\"inLanguage\":\"fr-CA\",\"potentialAction\":[{\"@type\":\"ReadAction\",\"target\":[\"https:\\\/\\\/dianevernet.com\\\/index.php\\\/a-propos\\\/\"]}]},{\"@type\":\"ImageObject\",\"inLanguage\":\"fr-CA\",\"@id\":\"https:\\\/\\\/dianevernet.com\\\/index.php\\\/a-propos\\\/#primaryimage\",\"url\":\"https:\\\/\\\/dianevernet.com\\\/wp-content\\\/uploads\\\/2026\\\/03\\\/Profil_Insta.png\",\"contentUrl\":\"https:\\\/\\\/dianevernet.com\\\/wp-content\\\/uploads\\\/2026\\\/03\\\/Profil_Insta.png\",\"width\":680,\"height\":680},{\"@type\":\"BreadcrumbList\",\"@id\":\"https:\\\/\\\/dianevernet.com\\\/index.php\\\/a-propos\\\/#breadcrumb\",\"itemListElement\":[{\"@type\":\"ListItem\",\"position\":1,\"name\":\"Accueil\",\"item\":\"https:\\\/\\\/dianevernet.com\\\/\"},{\"@type\":\"ListItem\",\"position\":2,\"name\":\"\u00c0 Propos\"}]},{\"@type\":\"WebSite\",\"@id\":\"https:\\\/\\\/dianevernet.com\\\/#website\",\"url\":\"https:\\\/\\\/dianevernet.com\\\/\",\"name\":\"Diane Vernet\",\"description\":\"De nouvelles l\u00e9gendes \u00e0 port\u00e9e de main\",\"potentialAction\":[{\"@type\":\"SearchAction\",\"target\":{\"@type\":\"EntryPoint\",\"urlTemplate\":\"https:\\\/\\\/dianevernet.com\\\/?s={search_term_string}\"},\"query-input\":{\"@type\":\"PropertyValueSpecification\",\"valueRequired\":true,\"valueName\":\"search_term_string\"}}],\"inLanguage\":\"fr-CA\"}]}<\/script>\n<!-- \/ Yoast SEO plugin. -->","yoast_head_json":{"title":"\u00c0 Propos - Diane Vernet","robots":{"index":"index","follow":"follow","max-snippet":"max-snippet:-1","max-image-preview":"max-image-preview:large","max-video-preview":"max-video-preview:-1"},"canonical":"https:\/\/dianevernet.com\/index.php\/a-propos\/","og_locale":"fr_CA","og_type":"article","og_title":"\u00c0 Propos - Diane Vernet","og_description":"Diane Vernet Autrice de Fantasy et Urban Fantasy Je jongle entre l\u2019\u00e9criture, les jeux vid\u00e9o, les arts cr\u00e9atifs et mon [&hellip;]","og_url":"https:\/\/dianevernet.com\/index.php\/a-propos\/","og_site_name":"Diane Vernet","article_modified_time":"2026-03-30T18:00:35+00:00","og_image":[{"width":680,"height":680,"url":"https:\/\/dianevernet.com\/wp-content\/uploads\/2026\/03\/Profil_Insta.png","type":"image\/png"}],"twitter_card":"summary_large_image","twitter_misc":{"Estimation du temps de lecture":"1 minute"},"schema":{"@context":"https:\/\/schema.org","@graph":[{"@type":"WebPage","@id":"https:\/\/dianevernet.com\/index.php\/a-propos\/","url":"https:\/\/dianevernet.com\/index.php\/a-propos\/","name":"\u00c0 Propos - Diane Vernet","isPartOf":{"@id":"https:\/\/dianevernet.com\/#website"},"primaryImageOfPage":{"@id":"https:\/\/dianevernet.com\/index.php\/a-propos\/#primaryimage"},"image":{"@id":"https:\/\/dianevernet.com\/index.php\/a-propos\/#primaryimage"},"thumbnailUrl":"https:\/\/dianevernet.com\/wp-content\/uploads\/2026\/03\/Profil_Insta.png","datePublished":"2025-11-22T18:27:41+00:00","dateModified":"2026-03-30T18:00:35+00:00","breadcrumb":{"@id":"https:\/\/dianevernet.com\/index.php\/a-propos\/#breadcrumb"},"inLanguage":"fr-CA","potentialAction":[{"@type":"ReadAction","target":["https:\/\/dianevernet.com\/index.php\/a-propos\/"]}]},{"@type":"ImageObject","inLanguage":"fr-CA","@id":"https:\/\/dianevernet.com\/index.php\/a-propos\/#primaryimage","url":"https:\/\/dianevernet.com\/wp-content\/uploads\/2026\/03\/Profil_Insta.png","contentUrl":"https:\/\/dianevernet.com\/wp-content\/uploads\/2026\/03\/Profil_Insta.png","width":680,"height":680},{"@type":"BreadcrumbList","@id":"https:\/\/dianevernet.com\/index.php\/a-propos\/#breadcrumb","itemListElement":[{"@type":"ListItem","position":1,"name":"Accueil","item":"https:\/\/dianevernet.com\/"},{"@type":"ListItem","position":2,"name":"\u00c0 Propos"}]},{"@type":"WebSite","@id":"https:\/\/dianevernet.com\/#website","url":"https:\/\/dianevernet.com\/","name":"Diane Vernet","description":"De nouvelles l\u00e9gendes \u00e0 port\u00e9e de main","potentialAction":[{"@type":"SearchAction","target":{"@type":"EntryPoint","urlTemplate":"https:\/\/dianevernet.com\/?s={search_term_string}"},"query-input":{"@type":"PropertyValueSpecification","valueRequired":true,"valueName":"search_term_string"}}],"inLanguage":"fr-CA"}]}},"_links":{"self":[{"href":"https:\/\/dianevernet.com\/index.php\/wp-json\/wp\/v2\/pages\/88","targetHints":{"allow":["GET"]}}],"collection":[{"href":"https:\/\/dianevernet.com\/index.php\/wp-json\/wp\/v2\/pages"}],"about":[{"href":"https:\/\/dianevernet.com\/index.php\/wp-json\/wp\/v2\/types\/page"}],"author":[{"embeddable":true,"href":"https:\/\/dianevernet.com\/index.php\/wp-json\/wp\/v2\/users\/1"}],"replies":[{"embeddable":true,"href":"https:\/\/dianevernet.com\/index.php\/wp-json\/wp\/v2\/comments?post=88"}],"version-history":[{"count":37,"href":"https:\/\/dianevernet.com\/index.php\/wp-json\/wp\/v2\/pages\/88\/revisions"}],"predecessor-version":[{"id":376,"href":"https:\/\/dianevernet.com\/index.php\/wp-json\/wp\/v2\/pages\/88\/revisions\/376"}],"wp:attachment":[{"href":"https:\/\/dianevernet.com\/index.php\/wp-json\/wp\/v2\/media?parent=88"}],"curies":[{"name":"wp","href":"https:\/\/api.w.org\/{rel}","templated":true}]}}